{"id":70,"date":"2011-11-06T15:40:58","date_gmt":"2011-11-06T15:40:58","guid":{"rendered":"http:\/\/www.la-carillonnerie.fr\/test\/?page_id=70"},"modified":"2013-04-07T15:58:07","modified_gmt":"2013-04-07T15:58:07","slug":"situation","status":"publish","type":"page","link":"https:\/\/www.la-carillonnerie.fr\/?page_id=70","title":{"rendered":"Situation"},"content":{"rendered":"<p>G\u00eete au carrefour de la Touraine du Poitou &amp; du Berry<\/p>\n<p>Long\u00e8re \u00e0 Bossay s\/ Claise au coeur de la nature<\/p>\n<p>Preuilly s\/ Claise<\/p>\n<ul>\n<ul>\n<li>A 65km de Tours<\/li>\n<li>A 35km de Ch\u00e2tellerault<\/li>\n<li>Acc\u00e8s en TGV (Ch\u00e2tellerault \u00e0 1h15). Location de v\u00e9hicule possible (Agences pr\u00e9sentes sur le site de la gare)<\/li>\n<li>Acc\u00e8s en voiture : par l&rsquo;A10 : sortie \u00ab\u00a0Ch\u00e2tellerault-Nord\u00a0\u00bb. 2h45 de Paris.<\/li>\n<li>Coordonn\u00e9es GPS :<strong> Latitude : <\/strong>47.082892<strong> Longitude : <\/strong>2.396578<\/li>\n<\/ul>\n<\/ul>\n<p style=\"text-align: center;\"><iframe loading=\"lazy\" src=\"https:\/\/maps.google.fr\/maps?f=q&amp;source=s_q&amp;hl=fr&amp;geocode=&amp;q=La+Carillonnerie,+Bossay-sur-Claise&amp;aq=1&amp;oq=la+carillonerie&amp;sll=48.774564,2.462159&amp;sspn=0.384183,1.056747&amp;t=h&amp;ie=UTF8&amp;hq=&amp;hnear=La+Carillonnerie,+37290+Bossay-sur-Claise,+Indre-et-Loire,+Centre&amp;z=14&amp;iwloc=A&amp;ll=46.87679,0.957629&amp;output=embed\" height=\"350\" width=\"425\" frameborder=\"0\" marginwidth=\"0\" marginheight=\"0\" scrolling=\"no\"><\/iframe><br \/>\n<small><a style=\"color: #0000ff; text-align: center;\" href=\"https:\/\/maps.google.fr\/maps?f=q&amp;source=embed&amp;hl=fr&amp;geocode=&amp;q=La+Carillonnerie,+Bossay-sur-Claise&amp;aq=1&amp;oq=la+carillonerie&amp;sll=48.774564,2.462159&amp;sspn=0.384183,1.056747&amp;t=h&amp;ie=UTF8&amp;hq=&amp;hnear=La+Carillonnerie,+37290+Bossay-sur-Claise,+Indre-et-Loire,+Centre&amp;z=14&amp;iwloc=A&amp;ll=46.87679,0.957629\">Agrandir le plan<\/a><\/small><\/p>\n<p style=\"text-align: center;\"><img loading=\"lazy\" decoding=\"async\" class=\"aligncenter\" style=\"border: 0pt none;\" title=\"Carillonerie\" alt=\"\" src=\"https:\/\/www.la-carillonnerie.fr\/images\/Carillonerie.png\" width=\"450\" height=\"459\" \/><\/p>\n<!-- AddThis Advanced Settings generic via filter on the_content --><!-- AddThis Share Buttons generic via filter on the_content -->","protected":false},"excerpt":{"rendered":"<p>G\u00eete au carrefour de la Touraine du Poitou &amp; du Berry Long\u00e8re \u00e0 Bossay s\/ Claise au coeur de la nature Preuilly s\/ Claise A 65km de Tours A 35km de Ch\u00e2tellerault Acc\u00e8s en TGV (Ch\u00e2tellerault \u00e0 1h15). Location de v\u00e9hicule possible (Agences pr\u00e9sentes sur le site de la gare) Acc\u00e8s en voiture : par [&hellip;]<!-- AddThis Advanced Settings generic via filter on get_the_excerpt --><!-- AddThis Share Buttons generic via filter on get_the_excerpt --><\/p>\n","protected":false},"author":1,"featured_media":0,"parent":0,"menu_order":2,"comment_status":"closed","ping_status":"closed","template":"","meta":{"footnotes":""},"class_list":["post-70","page","type-page","status-publish","hentry"],"aioseo_notices":[],"_links":{"self":[{"href":"https:\/\/www.la-carillonnerie.fr\/index.php?rest_route=\/wp\/v2\/pages\/70","targetHints":{"allow":["GET"]}}],"collection":[{"href":"https:\/\/www.la-carillonnerie.fr\/index.php?rest_route=\/wp\/v2\/pages"}],"about":[{"href":"https:\/\/www.la-carillonnerie.fr\/index.php?rest_route=\/wp\/v2\/types\/page"}],"author":[{"embeddable":true,"href":"https:\/\/www.la-carillonnerie.fr\/index.php?rest_route=\/wp\/v2\/users\/1"}],"replies":[{"embeddable":true,"href":"https:\/\/www.la-carillonnerie.fr\/index.php?rest_route=%2Fwp%2Fv2%2Fcomments&post=70"}],"version-history":[{"count":11,"href":"https:\/\/www.la-carillonnerie.fr\/index.php?rest_route=\/wp\/v2\/pages\/70\/revisions"}],"predecessor-version":[{"id":190,"href":"https:\/\/www.la-carillonnerie.fr\/index.php?rest_route=\/wp\/v2\/pages\/70\/revisions\/190"}],"wp:attachment":[{"href":"https:\/\/www.la-carillonnerie.fr\/index.php?rest_route=%2Fwp%2Fv2%2Fmedia&parent=70"}],"curies":[{"name":"wp","href":"https:\/\/api.w.org\/{rel}","templated":true}]}}